6
-535203054
What is -55783 (base 13) in base 9?
-255651
What is -2751560 (base 9) in base 15?
-1ec713
What is 101000110011010 (base 2) in base 15?
62ca
-1102513 (base 10) to base 4
-10031022301
What is -5260f5 (base 16) in base 12?
-1984359
Convert -682a93 (base 11) to base 14.
-204400
3471d (base 14) to base 5
13040443
Convert c23859 (base 14) to base 3.
110022022000102
What is -120015 (base 11) in base 12?
-921a5
What is -420586 (base 9) in base 16?
-3cfc9
2a32a86 (base 12) to base 14
11bd98a
What is 39e82 (base 15) in base 16?
2d4b2
What is 203523541 (base 6) in base 8?
15405025
-95a70 (base 15) to base 2
-1110011111011100111
What is -4510431 (base 6) in base 10?
-226963
-2023440010 (base 5) to base 4
-33232323130
What is 8535 (base 11) in base 16?
2c1b
1359330 (base 11) to base 13
63c2b8
-1032032301 (base 4) to base 13
-b2b09
Convert 110110111001011101 (base 2) to base 16.
36e5d
Convert -243112120 (base 6) to base 9.
-8634083
What is -121010102 (base 4) in base 11?
-70160
What is 548787 (base 12) in base 14?
26d11d
1a8416 (base 11) to base 2
1001101110010010010
76870 (base 13) to base 6
4333144
What is 230073 (base 8) in base 16?
1303b
Convert -110100000010010011 (base 2) to base 14.
-57963
What is -1098 (base 13) in base 4?
-210102
What is -77375 (base 12) in base 3?
-22000102022
What is -2289b4 (base 15) in base 6?
-55203054
Convert -358611 (base 9) to base 14.
-58b68
What is 476a1 (base 11) in base 3?
10111021010
Convert -1002013023 (base 4) to base 9.
-452413
-303460 (base 7) to base 13
-1a6b0
33448 (base 13) to base 8
265522
Convert 1412a4 (base 11) to base 5.
24040202
Convert 4031311 (base 6) to base 13.
68b33
Convert -7333a (base 16) to base 12.
-1a90a2
132130022 (base 4) to base 15
26e22
What is -222002001101110 (base 3) in base 15?
-133b063
256574 (base 13) to base 12
374675
What is -13043301 (base 5) in base 15?
-27da1
86635 (base 9) to base 15
12005
-57099 (base 12) to base 13
-4099b
What is -200423423 (base 5) in base 14?
-169c88
Convert -20505031 (base 7) to base 10.
-1732858
What is 617025 (base 8) in base 4?
301320111
What is -269c5 (base 13) in base 12?
-357aa
cd177 (base 16) to base 4
3031011313
What is -21031221222 (base 4) in base 10?
-2415210
1087471 (base 9) to base 5
122330140
-3330320120 (base 4) to base 3
-1221121211222
What is 1632311 (base 9) in base 5?
213012004
What is -113100113011 (base 4) in base 8?
-27202705
10202020210 (base 3) to base 9
122223
Convert -120153033 (base 6) to base 16.
-22664d
2011112211 (base 3) to base 4
22122322
What is -143444213 (base 5) in base 9?
-1386130
-4b137 (base 13) to base 15
-2b11b
-3912426 (base 10) to base 8
-16731352
3244432 (base 5) to base 15
119e7
-36d8b3 (base 16) to base 13
-98b09a
Convert -9933f9 (base 16) to base 8.
-46231771
What is -a8778 (base 14) in base 6?
-12422554
-10000000001011 (base 2) to base 4
-2000023
100110102201 (base 3) to base 5
21424321
-112012221000020 (base 3) to base 9
-15187006
20022012021 (base 3) to base 13
44620
What is -9d3c61 (base 15) in base 7?
-120536452
Convert -70e1b (base 16) to base 9.
-774216
Convert -421124 (base 6) to base 4.
-20102230
-111220211000022 (base 3) to base 15
-9b1b4b
-2ba14 (base 14) to base 12
-530aa
What is 567122a (base 11) in base 9?
20611836
-13020210 (base 5) to base 8
-366541
1002102 (base 6) to base 14
13262
What is -10202221212011 (base 3) in base 16?
-1e9f31
What is -2a133 (base 16) in base 6?
-3405511
-7b6a5 (base 16) to base 5
-112134014
2a501 (base 15) to base 10
136126
What is -a4a1c (base 13) in base 16?
-484b1
Convert 66083 (base 14) to base 15.
4d31a
What is 102851 (base 12) in base 2?
111101111000111101
-39612 (base 15) to base 11
-115a55
What is 364b14 (base 12) in base 3?
1122200100021
What is 46495a (base 15) in base 16?
3338bc
-257674 (base 8) to base 7
-523343
Convert -513204211 (base 6) to base 5.
-4230200404
What is -545882 (base 16) in base 13?
-11b7024
-102020221100012 (base 3) to base 7
-101564315
1084cc (base 14) to base 5
120420430
413b4 (base 12) to base 6
1454344
What is -101100011100111001001 (base 2) in base 10?
-1456585
Convert -222635345 (base 7) to base 9.
-27388532
Convert -107323 (base 10) to base 4.
-122030323
4240313 (base 9) to base 16
22a499
-74755a (base 11) to base 7
-13110420
Convert -58906c (base 14) to base 10.
-3021240
Convert -19516 (base 12) to base 13.
-13b12
What is -2bd689 (base 14) in base 5?
-343111233
Convert 10101110111000100 (base 2) to base 11.
61300
What is -101010000011011010 (base 2) in base 16?
-2a0da
What is 200330302 (base 5) in base 11?
4a1525
301002331 (base 4) to base 15
3e7cd
223aa32 (base 11) to base 4
32331323312
Convert -1255125 (base 11) to base 7.
-24322143
What is -10204302133 (base 5) in base 3?
-201222111120220
Convert 1220221012 (base 3) to base 16.
93e3
Convert 365704 (base 9) to base 14.
5a625
-4433342 (base 6) to base 16
-364be
25114011 (base 7) to base 2
1000100110110000101111
24543031 (base 6) to base 7
6503533
Convert -11102101220020 (base 3) to base 5.
-1100201341
What is -66262 (base 10) in base 3?
-10100220011
4c4ec (base 16) to base 3
120212202011
What is -11210312313 (base 4) in base 6?
-51155023
Convert -3822404 (base 9) to base 8.
-7741527
What is 205135232 (base 6) in base 15?
4b33b8
Convert -20525233 (base 6) to base 9.
-1117443
-128277 (base 13) to base 2
-1101100111111011011
What is 4667 (base 10) in base 6?
33335
What is 5324651 (base 7) in base 8?
2354062
What is 1101100101100001010 (base 2) in base 9?
747620
What is -331324014 (base 5) in base 11?
-899706
Convert 133122104 (base 6) to base 2.
1010001011111010011000
1102406 (base 7) to base 5
13312334
Convert -24020 (base 12) to base 6.
-1012040
Convert -10320134 (base 5) to base 3.
-11111210200
4691400 (base 10) to base 6
244315240
-373170 (base 10) to base 6
-11555350
What is 2124213420 (base 5) in base 14?
85a465
5038728 (base 9) to base 16
28f1b1
What is 10727 (base 11) in base 16?
3c9d
What is -8ec04 (base 16) in base 13?
-1761a7
What is -10515252 (base 7) in base 9?
-1638713
What is 18030223 (base 9) in base 11?
512474a
What is 1211040 (base 5) in base 15?
6a9a
13322033 (base 6) to base 12
196319
Convert -55408 (base 10) to base 11.
-386a1
34421232 (base 5) to base 15
62162
128573 (base 9) to base 12
394b6
Convert 4011118 (base 10) to base 3.
21112210012221
What is 1223225 (base 6) in base 16?
10001
What is 136695 (base 10) in base 4?
201113313
Convert -4467261 (base 8) to base 14.
-236329
1437192 (base 12) to base 7
46321460
What is -304c9 (base 13) in base 7?
-510154
Convert -88a04 (base 12) to base 5.
-21244111
11210010231 (base 4) to base 9
2662580
What is 110100001001001010 (base 2) in base 4?
310021022
-3000242232 (base 5) to base 7
-100611106
2aeec (base 15) to base 4
201302010
-53625b (base 13) to base 4
-13131132200
-9790b3 (base 14) to base 11
-2997428
Convert -11011001110010000 (base 2) to base 8.
-331620
Convert -201310302 (base 4) to base 16.
-21d32
What is -32277 (base 13) in base 16?
-16191
4737336 (base 8) to base 15
1a864b
Convert -22315 (base 9) to base 4.
-3213311
What is 2281158 (base 9) in base 14?
241b87
Convert 5c451 (base 14) to base 4.
313021013
Convert -224051 (base 6) to base 7.
-106336
What is 24b07 (base 16) in base 4?
210230013
What is 546ae (base 15) in base 16?
4176b
Convert -373239 (base 11) to base 7.
-5004606
What is -120452433 (base 6) in base 3?
-11021201101010
-8788352 (base 9) to base 4
-102001030121
Convert -30431133 (base 5) to base 2.
-111100110001010110
What is 10100011101111011000100 (base 2) in base 6?
311000004
Convert -6400406 (base 7) to base 6.
-24324112
730757 (base 8) to base 16
3b1ef
What is -4275 (base 10) in base 6?
-31443
Convert -11100100111101000 (base 2) to base 12.
-57a08
Convert 255400132 (base 6) to base 2.
10011001010011001111000
Convert -159917c (base 13) to base 14.
-cd2812
What is -1a184 (base 11) in base 15?
-8529
What is 103a5 (base 13) in base 12?
14a97
What is 213525 (base 6) in base 12?
a2a5
What is 583613 (base 9) in base 12?
14a956
262576 (base 9) to base 10
159396
-1001000111010001100 (base 2) to base 11
-194408
158e9 (base 15) to base 11
4825a
What is -11231333020 (base 4) in base 9?
-2734314
Convert b312 (base 15) to base 16.
93b9
Convert -2112002001 (base 3) to base 16.
-c1db
What is 20